{"id":87,"date":"2025-10-24T07:40:46","date_gmt":"2025-10-24T07:40:46","guid":{"rendered":"https:\/\/sentinelsecurity.ch\/?page_id=87"},"modified":"2025-10-28T13:47:14","modified_gmt":"2025-10-28T13:47:14","slug":"eingangskontrolle","status":"publish","type":"page","link":"https:\/\/sentinelsecurity.ch\/?page_id=87","title":{"rendered":"Eingangskontrolle"},"content":{"rendered":"\t\t<div data-elementor-type=\"wp-page\" data-elementor-id=\"87\" class=\"elementor elementor-87\">\n\t\t\t\t<div class=\"elementor-element elementor-element-fa7e128 e-flex e-con-boxed e-con e-parent\" data-id=\"fa7e128\" data-element_type=\"container\" data-e-type=\"container\">\n\t\t\t\t\t<div class=\"e-con-inner\">\n\t\t\t\t<div class=\"elementor-element elementor-element-35c8ef9 elementor-widget elementor-widget-spacer\" data-id=\"35c8ef9\" data-element_type=\"widget\" data-e-type=\"widget\" data-widget_type=\"spacer.default\">\n\t\t\t\t\t\t\t<div class=\"elementor-spacer\">\n\t\t\t<div class=\"elementor-spacer-inner\"><\/div>\n\t\t<\/div>\n\t\t\t\t\t\t<\/div>\n\t\t\t\t\t<\/div>\n\t\t\t\t<\/div>\n\t\t<div class=\"elementor-element elementor-element-ada657d e-flex e-con-boxed e-con e-parent\" data-id=\"ada657d\" data-element_type=\"container\" data-e-type=\"container\">\n\t\t\t\t\t<div class=\"e-con-inner\">\n\t\t\t\t<div class=\"elementor-element elementor-element-94e8240 elementor-widget elementor-widget-heading\" data-id=\"94e8240\" data-element_type=\"widget\" data-e-type=\"widget\" data-widget_type=\"heading.default\">\n\t\t\t\t\t<h2 class=\"elementor-heading-title elementor-size-default\">Eingangskontrolle<\/h2>\t\t\t\t<\/div>\n\t\t\t\t\t<\/div>\n\t\t\t\t<\/div>\n\t\t<div class=\"elementor-element elementor-element-3356110 e-flex e-con-boxed e-con e-parent\" data-id=\"3356110\" data-element_type=\"container\" data-e-type=\"container\">\n\t\t\t\t\t<div class=\"e-con-inner\">\n\t\t\t\t<div class=\"elementor-element elementor-element-801ea5a elementor-widget elementor-widget-spacer\" data-id=\"801ea5a\" data-element_type=\"widget\" data-e-type=\"widget\" data-widget_type=\"spacer.default\">\n\t\t\t\t\t\t\t<div class=\"elementor-spacer\">\n\t\t\t<div class=\"elementor-spacer-inner\"><\/div>\n\t\t<\/div>\n\t\t\t\t\t\t<\/div>\n\t\t\t\t\t<\/div>\n\t\t\t\t<\/div>\n\t\t<div class=\"elementor-element elementor-element-cd1303e e-flex e-con-boxed e-con e-parent\" data-id=\"cd1303e\" data-element_type=\"container\" data-e-type=\"container\">\n\t\t\t\t\t<div class=\"e-con-inner\">\n\t\t\t\t<div class=\"elementor-element elementor-element-4e1255d elementor-widget elementor-widget-heading\" data-id=\"4e1255d\" data-element_type=\"widget\" data-e-type=\"widget\" data-widget_type=\"heading.default\">\n\t\t\t\t\t<h2 class=\"elementor-heading-title elementor-size-default\">F\u00fcr Ihre Sicherheit rund um die Uhr<\/h2>\t\t\t\t<\/div>\n\t\t\t\t\t<\/div>\n\t\t\t\t<\/div>\n\t\t<div class=\"elementor-element elementor-element-0e9183d e-flex e-con-boxed e-con e-parent\" data-id=\"0e9183d\" data-element_type=\"container\" data-e-type=\"container\">\n\t\t\t\t\t<div class=\"e-con-inner\">\n\t\t\t\t<div class=\"elementor-element elementor-element-d0223ce elementor-widget elementor-widget-spacer\" data-id=\"d0223ce\" data-element_type=\"widget\" data-e-type=\"widget\" data-widget_type=\"spacer.default\">\n\t\t\t\t\t\t\t<div class=\"elementor-spacer\">\n\t\t\t<div class=\"elementor-spacer-inner\"><\/div>\n\t\t<\/div>\n\t\t\t\t\t\t<\/div>\n\t\t\t\t\t<\/div>\n\t\t\t\t<\/div>\n\t\t<div class=\"elementor-element elementor-element-942d6cd e-flex e-con-boxed e-con e-parent\" data-id=\"942d6cd\" data-element_type=\"container\" data-e-type=\"container\">\n\t\t\t\t\t<div class=\"e-con-inner\">\n\t\t\t\t<div class=\"elementor-element elementor-element-5dce608 elementor-widget elementor-widget-text-editor\" data-id=\"5dce608\" data-element_type=\"widget\" data-e-type=\"widget\" data-widget_type=\"text-editor.default\">\n\t\t\t\t\t\t\t\t\t<p>Bei unserer Eingangskontrolle \u00fcberwachen wir den Zutritt zu Ihren R\u00e4umlichkeiten zuverl\u00e4ssig \u2013 rund um die Uhr und an jedem Tag im Jahr. Wir stellen sicher, dass nur berechtigte Personen wie Mitarbeitende, Kundinnen und Kunden oder Lieferantinnen und Lieferanten Zugang erhalten.<\/p>\t\t\t\t\t\t\t\t<\/div>\n\t\t\t\t\t<\/div>\n\t\t\t\t<\/div>\n\t\t<div class=\"elementor-element elementor-element-5929581 e-flex e-con-boxed e-con e-parent\" data-id=\"5929581\" data-element_type=\"container\" data-e-type=\"container\">\n\t\t\t\t\t<div class=\"e-con-inner\">\n\t\t\t\t<div class=\"elementor-element elementor-element-e5f0993 elementor-widget elementor-widget-spacer\" data-id=\"e5f0993\" data-element_type=\"widget\" data-e-type=\"widget\" data-widget_type=\"spacer.default\">\n\t\t\t\t\t\t\t<div class=\"elementor-spacer\">\n\t\t\t<div class=\"elementor-spacer-inner\"><\/div>\n\t\t<\/div>\n\t\t\t\t\t\t<\/div>\n\t\t\t\t\t<\/div>\n\t\t\t\t<\/div>\n\t\t<div class=\"elementor-element elementor-element-5013448 e-flex e-con-boxed e-con e-parent\" data-id=\"5013448\" data-element_type=\"container\" data-e-type=\"container\">\n\t\t\t\t\t<div class=\"e-con-inner\">\n\t\t\t\t<div class=\"elementor-element elementor-element-02eb4d3 elementor-widget elementor-widget-text-editor\" data-id=\"02eb4d3\" data-element_type=\"widget\" data-e-type=\"widget\" data-widget_type=\"text-editor.default\">\n\t\t\t\t\t\t\t\t\t<p>Unsere geschulten Mitarbeitenden gew\u00e4hrleisten eine professionelle Kontrolle am Eingang und sorgen so f\u00fcr maximale Sicherheit in Ihren R\u00e4umlichkeiten und f\u00fcr Ihr Personal. M\u00f6chten Sie neben einer zuverl\u00e4ssigen Eingangskontrolle auch von weiteren bew\u00e4hrten Sicherheitsl\u00f6sungen profitieren? Dann ist Sentinel Security Ihre verl\u00e4ssliche Partnerin f\u00fcr umfassenden Schutz.<\/p>\t\t\t\t\t\t\t\t<\/div>\n\t\t\t\t\t<\/div>\n\t\t\t\t<\/div>\n\t\t<div class=\"elementor-element elementor-element-a071459 e-flex e-con-boxed e-con e-parent\" data-id=\"a071459\" data-element_type=\"container\" data-e-type=\"container\">\n\t\t\t\t\t<div class=\"e-con-inner\">\n\t\t\t\t<div class=\"elementor-element elementor-element-8586f46 elementor-widget elementor-widget-spacer\" data-id=\"8586f46\" data-element_type=\"widget\" data-e-type=\"widget\" data-widget_type=\"spacer.default\">\n\t\t\t\t\t\t\t<div class=\"elementor-spacer\">\n\t\t\t<div class=\"elementor-spacer-inner\"><\/div>\n\t\t<\/div>\n\t\t\t\t\t\t<\/div>\n\t\t\t\t\t<\/div>\n\t\t\t\t<\/div>\n\t\t<div class=\"elementor-element elementor-element-cc000e7 e-flex e-con-boxed e-con e-parent\" data-id=\"cc000e7\" data-element_type=\"container\" data-e-type=\"container\">\n\t\t\t\t\t<div class=\"e-con-inner\">\n\t\t<div class=\"elementor-element elementor-element-f83758c e-con-full e-flex e-con e-child\" data-id=\"f83758c\" data-element_type=\"container\" data-e-type=\"container\">\n\t\t\t\t<div class=\"elementor-element elementor-element-aef85f0 elementor-widget elementor-widget-heading\" data-id=\"aef85f0\" data-element_type=\"widget\" data-e-type=\"widget\" data-widget_type=\"heading.default\">\n\t\t\t\t\t<h2 class=\"elementor-heading-title elementor-size-default\">Warum ist die Eingangskontrolle sinnvoll?<\/h2>\t\t\t\t<\/div>\n\t\t\t\t<div class=\"elementor-element elementor-element-8d3135c elementor-widget elementor-widget-text-editor\" data-id=\"8d3135c\" data-element_type=\"widget\" data-e-type=\"widget\" data-widget_type=\"text-editor.default\">\n\t\t\t\t\t\t\t\t\t<ul><li>Wir gew\u00e4hrleisten einen sicheren und freundlichen Empfang \u2013 zu jeder Tages- und Jahreszeit.<br \/><br \/><\/li><li>Wir sorgen im Bereich Empfang auch f\u00fcr die Sicherstellung zahlreicher weiterer Aufgaben<br \/><br \/><\/li><\/ul><p>Unsere Eingangskontrolle ist die Visitenkarte Ihres Unternehmens. Unsere Mitarbeitenden \u00fcberzeugen durch ihr gepflegtes Auftreten, h\u00f6fliche Umgangsformen und h\u00f6chste Professionalit\u00e4t in allen Sicherheitsbelangen. Dank unserer langj\u00e4hrigen Erfahrung im Empfangs- und Sicherheitsdienst bieten wir Ihnen individuell abgestimmte L\u00f6sungen und stellen Ihnen gerne ein erstklassiges Angebot zusammen.<\/p>\t\t\t\t\t\t\t\t<\/div>\n\t\t\t\t<\/div>\n\t\t<div class=\"elementor-element elementor-element-ea934eb e-con-full e-flex e-con e-child\" data-id=\"ea934eb\" data-element_type=\"container\" data-e-type=\"container\">\n\t\t\t\t<div class=\"elementor-element elementor-element-67e6630 elementor-widget elementor-widget-heading\" data-id=\"67e6630\" data-element_type=\"widget\" data-e-type=\"widget\" data-widget_type=\"heading.default\">\n\t\t\t\t\t<h2 class=\"elementor-heading-title elementor-size-default\">Ihre proffessionelle Eingangskontrolle<\/h2>\t\t\t\t<\/div>\n\t\t\t\t<div class=\"elementor-element elementor-element-3fc78b6 elementor-widget elementor-widget-text-editor\" data-id=\"3fc78b6\" data-element_type=\"widget\" data-e-type=\"widget\" data-widget_type=\"text-editor.default\">\n\t\t\t\t\t\t\t\t\t<ul><li data-start=\"0\" data-end=\"109\"><p data-start=\"2\" data-end=\"109\">Mit unserem Kontrolldienst sind Ihre Sicherheitsbed\u00fcrfnisse im Eingangsbereich rund um die Uhr abgedeckt.<\/p><\/li><li data-start=\"110\" data-end=\"231\"><p data-start=\"112\" data-end=\"231\">Wir gew\u00e4hrleisten einen sicheren Zutritt f\u00fcr Kundinnen und Kunden, Mitarbeitende sowie Lieferanten und Dienstleister.<\/p><\/li><li data-start=\"232\" data-end=\"358\"><p data-start=\"234\" data-end=\"358\">Dank unserer 24\/7-Einsatzzentralen k\u00f6nnen sich unsere Mitarbeitenden jederzeit auf professionelle Unterst\u00fctzung verlassen.<\/p><\/li><li data-start=\"359\" data-end=\"471\"><p data-start=\"361\" data-end=\"471\">Wir sorgen f\u00fcr eine zuverl\u00e4ssige und professionelle Zutrittskontrolle an Lieferanten- und Personaleing\u00e4ngen.<\/p><\/li><li data-start=\"472\" data-end=\"535\"><p data-start=\"474\" data-end=\"535\">Erkannte Sicherheitsl\u00fccken werden von uns umgehend behoben.<\/p><\/li><li data-start=\"536\" data-end=\"622\"><p data-start=\"538\" data-end=\"622\">Die Aufgaben unserer Empfangsmitarbeitenden sind vielseitig und serviceorientiert.<\/p><\/li><li data-start=\"623\" data-end=\"698\"><p data-start=\"625\" data-end=\"698\">Wir garantieren einen freundlichen und kompetenten Empfang Ihrer G\u00e4ste.<\/p><\/li><li data-start=\"699\" data-end=\"838\" data-is-last-node=\"\"><p data-start=\"701\" data-end=\"838\" data-is-last-node=\"\">Unsere Dienstleistungen werden individuell an Ihre Bed\u00fcrfnisse angepasst \u2013 f\u00fcr Ihre Sicherheit und einen professionellen ersten Eindruck.<\/p><\/li><\/ul>\t\t\t\t\t\t\t\t<\/div>\n\t\t\t\t<\/div>\n\t\t\t\t\t<\/div>\n\t\t\t\t<\/div>\n\t\t<div class=\"elementor-element elementor-element-121e05f e-flex e-con-boxed e-con e-parent\" data-id=\"121e05f\" data-element_type=\"container\" data-e-type=\"container\">\n\t\t\t\t\t<div class=\"e-con-inner\">\n\t\t\t\t<div class=\"elementor-element elementor-element-2e18c2f elementor-widget elementor-widget-spacer\" data-id=\"2e18c2f\" data-element_type=\"widget\" data-e-type=\"widget\" data-widget_type=\"spacer.default\">\n\t\t\t\t\t\t\t<div class=\"elementor-spacer\">\n\t\t\t<div class=\"elementor-spacer-inner\"><\/div>\n\t\t<\/div>\n\t\t\t\t\t\t<\/div>\n\t\t\t\t\t<\/div>\n\t\t\t\t<\/div>\n\t\t\t\t<\/div>\n\t\t","protected":false},"excerpt":{"rendered":"<p>Eingangskontrolle F\u00fcr Ihre Sicherheit rund um die Uhr Bei unserer Eingangskontrolle \u00fcberwachen wir den Zutritt zu Ihren R\u00e4umlichkeiten zuverl\u00e4ssig \u2013 rund um die Uhr und an jedem Tag im Jahr. Wir stellen sicher, dass nur berechtigte Personen wie Mitarbeitende, Kundinnen und Kunden oder Lieferantinnen und Lieferanten Zugang erhalten. Unsere geschulten Mitarbeitenden gew\u00e4hrleisten eine professionelle Kontrolle [&hellip;]<\/p>\n","protected":false},"author":1,"featured_media":0,"parent":76,"menu_order":0,"comment_status":"closed","ping_status":"closed","template":"elementor_canvas","meta":{"footnotes":""},"class_list":["post-87","page","type-page","status-publish","hentry"],"_links":{"self":[{"href":"https:\/\/sentinelsecurity.ch\/index.php?rest_route=\/wp\/v2\/pages\/87","targetHints":{"allow":["GET"]}}],"collection":[{"href":"https:\/\/sentinelsecurity.ch\/index.php?rest_route=\/wp\/v2\/pages"}],"about":[{"href":"https:\/\/sentinelsecurity.ch\/index.php?rest_route=\/wp\/v2\/types\/page"}],"author":[{"embeddable":true,"href":"https:\/\/sentinelsecurity.ch\/index.php?rest_route=\/wp\/v2\/users\/1"}],"replies":[{"embeddable":true,"href":"https:\/\/sentinelsecurity.ch\/index.php?rest_route=%2Fwp%2Fv2%2Fcomments&post=87"}],"version-history":[{"count":7,"href":"https:\/\/sentinelsecurity.ch\/index.php?rest_route=\/wp\/v2\/pages\/87\/revisions"}],"predecessor-version":[{"id":185,"href":"https:\/\/sentinelsecurity.ch\/index.php?rest_route=\/wp\/v2\/pages\/87\/revisions\/185"}],"up":[{"embeddable":true,"href":"https:\/\/sentinelsecurity.ch\/index.php?rest_route=\/wp\/v2\/pages\/76"}],"wp:attachment":[{"href":"https:\/\/sentinelsecurity.ch\/index.php?rest_route=%2Fwp%2Fv2%2Fmedia&parent=87"}],"curies":[{"name":"wp","href":"https:\/\/api.w.org\/{rel}","templated":true}]}}