{"id":82,"date":"2025-10-28T13:30:32","date_gmt":"2025-10-28T13:30:32","guid":{"rendered":"https:\/\/sentinelsecurity.ch\/?page_id=82"},"modified":"2025-10-28T13:46:51","modified_gmt":"2025-10-28T13:46:51","slug":"ordnungsdienst","status":"publish","type":"page","link":"https:\/\/sentinelsecurity.ch\/?page_id=82","title":{"rendered":"Ordnungsdienst"},"content":{"rendered":"\t\t<div data-elementor-type=\"wp-page\" data-elementor-id=\"82\" class=\"elementor elementor-82\">\n\t\t\t\t<div class=\"elementor-element elementor-element-8eae3a3 e-flex e-con-boxed e-con e-parent\" data-id=\"8eae3a3\" data-element_type=\"container\" data-e-type=\"container\">\n\t\t\t\t\t<div class=\"e-con-inner\">\n\t\t\t\t<div class=\"elementor-element elementor-element-9373822 elementor-widget elementor-widget-spacer\" data-id=\"9373822\" data-element_type=\"widget\" data-e-type=\"widget\" data-widget_type=\"spacer.default\">\n\t\t\t\t\t\t\t<div class=\"elementor-spacer\">\n\t\t\t<div class=\"elementor-spacer-inner\"><\/div>\n\t\t<\/div>\n\t\t\t\t\t\t<\/div>\n\t\t\t\t\t<\/div>\n\t\t\t\t<\/div>\n\t\t<div class=\"elementor-element elementor-element-99eec3d e-flex e-con-boxed e-con e-parent\" data-id=\"99eec3d\" data-element_type=\"container\" data-e-type=\"container\">\n\t\t\t\t\t<div class=\"e-con-inner\">\n\t\t\t\t<div class=\"elementor-element elementor-element-d8b3362 elementor-widget elementor-widget-heading\" data-id=\"d8b3362\" data-element_type=\"widget\" data-e-type=\"widget\" data-widget_type=\"heading.default\">\n\t\t\t\t\t<h2 class=\"elementor-heading-title elementor-size-default\">Ordnungsdienst<\/h2>\t\t\t\t<\/div>\n\t\t\t\t<div class=\"elementor-element elementor-element-c25ce8c elementor-widget elementor-widget-spacer\" data-id=\"c25ce8c\" data-element_type=\"widget\" data-e-type=\"widget\" data-widget_type=\"spacer.default\">\n\t\t\t\t\t\t\t<div class=\"elementor-spacer\">\n\t\t\t<div class=\"elementor-spacer-inner\"><\/div>\n\t\t<\/div>\n\t\t\t\t\t\t<\/div>\n\t\t\t\t<div class=\"elementor-element elementor-element-32f965c elementor-widget elementor-widget-heading\" data-id=\"32f965c\" data-element_type=\"widget\" data-e-type=\"widget\" data-widget_type=\"heading.default\">\n\t\t\t\t\t<h2 class=\"elementor-heading-title elementor-size-default\">Sentinel Security sorgt f\u00fcr Sicherheit, Ruhe und Ordnung<\/h2>\t\t\t\t<\/div>\n\t\t\t\t<div class=\"elementor-element elementor-element-d012d7e elementor-widget elementor-widget-spacer\" data-id=\"d012d7e\" data-element_type=\"widget\" data-e-type=\"widget\" data-widget_type=\"spacer.default\">\n\t\t\t\t\t\t\t<div class=\"elementor-spacer\">\n\t\t\t<div class=\"elementor-spacer-inner\"><\/div>\n\t\t<\/div>\n\t\t\t\t\t\t<\/div>\n\t\t\t\t<div class=\"elementor-element elementor-element-20e69df elementor-widget elementor-widget-text-editor\" data-id=\"20e69df\" data-element_type=\"widget\" data-e-type=\"widget\" data-widget_type=\"text-editor.default\">\n\t\t\t\t\t\t\t\t\t<p>Mit den Ordnungsdienst-Spezialistinnen und -Spezialisten der Sentinel Security erzielen Sie eine wirkungsvolle Pr\u00e4senz, sei es auf privatem oder \u00f6ffentlichem Grund.<\/p>\t\t\t\t\t\t\t\t<\/div>\n\t\t\t\t<div class=\"elementor-element elementor-element-9ef8428 elementor-widget elementor-widget-spacer\" data-id=\"9ef8428\" data-element_type=\"widget\" data-e-type=\"widget\" data-widget_type=\"spacer.default\">\n\t\t\t\t\t\t\t<div class=\"elementor-spacer\">\n\t\t\t<div class=\"elementor-spacer-inner\"><\/div>\n\t\t<\/div>\n\t\t\t\t\t\t<\/div>\n\t\t\t\t<div class=\"elementor-element elementor-element-838c4a6 elementor-widget elementor-widget-text-editor\" data-id=\"838c4a6\" data-element_type=\"widget\" data-e-type=\"widget\" data-widget_type=\"text-editor.default\">\n\t\t\t\t\t\t\t\t\t<p>Der Ordnungsdienst wird eingesetzt, um Diebstahlversuchen entgegenzutreten und gef\u00e4hrliche Situationen fr\u00fchzeitig zu erkennen, damit schnell passende Gegenma\u00dfnahmen ergriffen werden k\u00f6nnen. Unsere Pr\u00e4senz bei Sportveranstaltungen, in Einkaufszonen, Parkanlagen, \u00f6ffentlichen Verkehrsmitteln, Quartieren, Parkh\u00e4usern oder auf Schulh\u00f6fen st\u00e4rkt die Sicherheit und sorgt f\u00fcr Ordnung. Menschen in Gefahr erhalten umgehend die notwendige Unterst\u00fctzung, und die uns anvertrauten Objekte werden zuverl\u00e4ssig gesch\u00fctzt.<\/p>\t\t\t\t\t\t\t\t<\/div>\n\t\t\t\t\t<\/div>\n\t\t\t\t<\/div>\n\t\t<div class=\"elementor-element elementor-element-f1d32a9 e-flex e-con-boxed e-con e-parent\" data-id=\"f1d32a9\" data-element_type=\"container\" data-e-type=\"container\">\n\t\t\t\t\t<div class=\"e-con-inner\">\n\t\t\t\t<div class=\"elementor-element elementor-element-e19c655 elementor-widget elementor-widget-spacer\" data-id=\"e19c655\" data-element_type=\"widget\" data-e-type=\"widget\" data-widget_type=\"spacer.default\">\n\t\t\t\t\t\t\t<div class=\"elementor-spacer\">\n\t\t\t<div class=\"elementor-spacer-inner\"><\/div>\n\t\t<\/div>\n\t\t\t\t\t\t<\/div>\n\t\t\t\t\t<\/div>\n\t\t\t\t<\/div>\n\t\t<div class=\"elementor-element elementor-element-33eb8e4 e-flex e-con-boxed e-con e-parent\" data-id=\"33eb8e4\" data-element_type=\"container\" data-e-type=\"container\">\n\t\t\t\t\t<div class=\"e-con-inner\">\n\t\t<div class=\"elementor-element elementor-element-0c99e2d e-con-full e-flex e-con e-child\" data-id=\"0c99e2d\" data-element_type=\"container\" data-e-type=\"container\">\n\t\t\t\t<div class=\"elementor-element elementor-element-679b3b3 elementor-widget elementor-widget-heading\" data-id=\"679b3b3\" data-element_type=\"widget\" data-e-type=\"widget\" data-widget_type=\"heading.default\">\n\t\t\t\t\t<h2 class=\"elementor-heading-title elementor-size-default\">Warum ist ein Ordnungsdienst sinnvoll?<\/h2>\t\t\t\t<\/div>\n\t\t\t\t<div class=\"elementor-element elementor-element-6bd061b elementor-widget elementor-widget-text-editor\" data-id=\"6bd061b\" data-element_type=\"widget\" data-e-type=\"widget\" data-widget_type=\"text-editor.default\">\n\t\t\t\t\t\t\t\t\t<ul data-start=\"0\" data-end=\"400\"><li data-start=\"0\" data-end=\"76\"><p data-start=\"2\" data-end=\"76\">Ordnungsdienste st\u00e4rken die Sicherheit durch ihre gut sichtbare Pr\u00e4senz.<\/p><\/li><li data-start=\"77\" data-end=\"207\"><p data-start=\"79\" data-end=\"207\">Die Mitarbeitenden im Ordnungsdienst entsch\u00e4rfen kritische Situationen durch geschicktes Handeln und vorausschauendes Agieren.<\/p><\/li><li data-start=\"208\" data-end=\"289\"><p data-start=\"210\" data-end=\"289\">Potenzielle Unruhestifter werden aktiv von gewaltsamen Handlungen abgehalten.<\/p><\/li><li data-start=\"290\" data-end=\"400\"><p data-start=\"292\" data-end=\"400\">Je nach Einsatzstufe alarmieren unsere Patrouillen oder greifen gezielt bei unerw\u00fcnschten Ereignissen ein.<\/p><\/li><\/ul><p data-start=\"402\" data-end=\"844\" data-is-last-node=\"\" data-is-only-node=\"\">Der Ordnungsdienst von Sentinel Security basiert auf langj\u00e4hriger Erfahrung und deckt ein breites Spektrum an Sicherheitsbed\u00fcrfnissen ab \u2013 f\u00fcr Beh\u00f6rden, den \u00f6ffentlichen Raum, Unternehmen und private Auftraggeber. Unsere hochqualifizierten Mitarbeitenden bieten erstklassige Sicherheitsleistungen.<\/p>\t\t\t\t\t\t\t\t<\/div>\n\t\t\t\t<\/div>\n\t\t<div class=\"elementor-element elementor-element-cef5bfe e-con-full e-flex e-con e-child\" data-id=\"cef5bfe\" data-element_type=\"container\" data-e-type=\"container\">\n\t\t\t\t<div class=\"elementor-element elementor-element-d044a91 elementor-widget elementor-widget-heading\" data-id=\"d044a91\" data-element_type=\"widget\" data-e-type=\"widget\" data-widget_type=\"heading.default\">\n\t\t\t\t\t<h2 class=\"elementor-heading-title elementor-size-default\">Ihre Ordnungsdienst-Spezialisten \u2013 Sentinel Security<\/h2>\t\t\t\t<\/div>\n\t\t\t\t<div class=\"elementor-element elementor-element-8e440e4 elementor-widget elementor-widget-text-editor\" data-id=\"8e440e4\" data-element_type=\"widget\" data-e-type=\"widget\" data-widget_type=\"text-editor.default\">\n\t\t\t\t\t\t\t\t\t<h6 class=\"sr-only\">ChatGPT:<\/h6><div class=\"text-base my-auto mx-auto pb-10 [--thread-content-margin:--spacing(4)] thread-sm:[--thread-content-margin:--spacing(6)] thread-lg:[--thread-content-margin:--spacing(16)] px-(--thread-content-margin)\"><div class=\"[--thread-content-max-width:40rem] thread-lg:[--thread-content-max-width:48rem] mx-auto max-w-(--thread-content-max-width) flex-1 group\/turn-messages focus-visible:outline-hidden relative flex w-full min-w-0 flex-col agent-turn\" tabindex=\"-1\"><div class=\"flex max-w-full flex-col grow\"><div class=\"min-h-8 text-message relative flex w-full flex-col items-end gap-2 text-start break-words whitespace-normal [.text-message+&amp;]:mt-1\" dir=\"auto\" data-message-author-role=\"assistant\" data-message-id=\"e2d94449-6a9d-4a11-b4ed-7a69f12ed250\" data-message-model-slug=\"gpt-5-mini\"><div class=\"flex w-full flex-col gap-1 empty:hidden first:pt-[1px]\"><div class=\"markdown prose dark:prose-invert w-full break-words dark markdown-new-styling\"><ul data-start=\"0\" data-end=\"1115\" data-is-last-node=\"\" data-is-only-node=\"\"><li data-start=\"0\" data-end=\"90\"><p data-start=\"2\" data-end=\"90\">Mit unserem Ordnungsdienst sind Ihre Sicherheitsbed\u00fcrfnisse rund um die Uhr abgedeckt.<\/p><\/li><li data-start=\"91\" data-end=\"174\"><p data-start=\"93\" data-end=\"174\">Wir gew\u00e4hrleisten Sicherheit und Ordnung auf privatem sowie \u00f6ffentlichem Grund.<\/p><\/li><li data-start=\"175\" data-end=\"292\"><p data-start=\"177\" data-end=\"292\">Unser geschultes Ordnungsdienstpersonal verf\u00fcgt \u00fcber fundierte Ausbildung in mentalen und physischen F\u00e4higkeiten.<\/p><\/li><li data-start=\"293\" data-end=\"426\"><p data-start=\"295\" data-end=\"426\">Dank unserer 24\/7-Einsatzzentralen k\u00f6nnen sich unsere Mitarbeitenden jederzeit auf professionelle Einsatzunterst\u00fctzung verlassen.<\/p><\/li><li data-start=\"427\" data-end=\"566\"><p data-start=\"429\" data-end=\"566\">Ob Schutz f\u00fcr exponierte Objekte, Wertgegenst\u00e4nde, Sachwerte oder Personen \u2013 bei Sentinel Security finden Sie das passende Angebot.<\/p><\/li><li data-start=\"567\" data-end=\"677\"><p data-start=\"569\" data-end=\"677\">Mit permanenten oder befristeten Schutzdispositiven sichern wir Sie gegen externe und interne Bedrohungen.<\/p><\/li><li data-start=\"678\" data-end=\"886\"><p data-start=\"680\" data-end=\"886\">Unsere Spezialistinnen und Spezialisten stehen in kontinuierlichem Kontakt mit Vorgesetzten und Einsatzzentralen und k\u00f6nnen im Notfall Verst\u00e4rkung, Polizei, Rettungsdienste oder andere Rettungsorganisationen alarmieren.<\/p><\/li><li data-start=\"887\" data-end=\"995\"><p data-start=\"889\" data-end=\"995\">Durch unser l\u00fcckenloses Rapport-System bleiben Sie jederzeit nachvollziehbar und transparent informiert.<\/p><\/li><li data-start=\"996\" data-end=\"1115\" data-is-last-node=\"\"><p data-start=\"998\" data-end=\"1115\" data-is-last-node=\"\">Alle unsere Dienstleistungen werden individuell an Ihre pers\u00f6nlichen Bed\u00fcrfnisse angepasst \u2013 f\u00fcr maximale Sicherheit.<\/p><\/li><\/ul><\/div><\/div><\/div><\/div><\/div><\/div>\t\t\t\t\t\t\t\t<\/div>\n\t\t\t\t<\/div>\n\t\t\t\t\t<\/div>\n\t\t\t\t<\/div>\n\t\t<div class=\"elementor-element elementor-element-d3e2258 e-flex e-con-boxed e-con e-parent\" data-id=\"d3e2258\" data-element_type=\"container\" data-e-type=\"container\">\n\t\t\t\t\t<div class=\"e-con-inner\">\n\t\t\t\t<div class=\"elementor-element elementor-element-4cca119 elementor-widget elementor-widget-spacer\" data-id=\"4cca119\" data-element_type=\"widget\" data-e-type=\"widget\" data-widget_type=\"spacer.default\">\n\t\t\t\t\t\t\t<div class=\"elementor-spacer\">\n\t\t\t<div class=\"elementor-spacer-inner\"><\/div>\n\t\t<\/div>\n\t\t\t\t\t\t<\/div>\n\t\t\t\t\t<\/div>\n\t\t\t\t<\/div>\n\t\t\t\t<\/div>\n\t\t","protected":false},"excerpt":{"rendered":"<p>Ordnungsdienst Sentinel Security sorgt f\u00fcr Sicherheit, Ruhe und Ordnung Mit den Ordnungsdienst-Spezialistinnen und -Spezialisten der Sentinel Security erzielen Sie eine wirkungsvolle Pr\u00e4senz, sei es auf privatem oder \u00f6ffentlichem Grund. Der Ordnungsdienst wird eingesetzt, um Diebstahlversuchen entgegenzutreten und gef\u00e4hrliche Situationen fr\u00fchzeitig zu erkennen, damit schnell passende Gegenma\u00dfnahmen ergriffen werden k\u00f6nnen. Unsere Pr\u00e4senz bei Sportveranstaltungen, in Einkaufszonen, [&hellip;]<\/p>\n","protected":false},"author":1,"featured_media":0,"parent":76,"menu_order":0,"comment_status":"closed","ping_status":"closed","template":"elementor_canvas","meta":{"footnotes":""},"class_list":["post-82","page","type-page","status-publish","hentry"],"_links":{"self":[{"href":"https:\/\/sentinelsecurity.ch\/index.php?rest_route=\/wp\/v2\/pages\/82","targetHints":{"allow":["GET"]}}],"collection":[{"href":"https:\/\/sentinelsecurity.ch\/index.php?rest_route=\/wp\/v2\/pages"}],"about":[{"href":"https:\/\/sentinelsecurity.ch\/index.php?rest_route=\/wp\/v2\/types\/page"}],"author":[{"embeddable":true,"href":"https:\/\/sentinelsecurity.ch\/index.php?rest_route=\/wp\/v2\/users\/1"}],"replies":[{"embeddable":true,"href":"https:\/\/sentinelsecurity.ch\/index.php?rest_route=%2Fwp%2Fv2%2Fcomments&post=82"}],"version-history":[{"count":13,"href":"https:\/\/sentinelsecurity.ch\/index.php?rest_route=\/wp\/v2\/pages\/82\/revisions"}],"predecessor-version":[{"id":179,"href":"https:\/\/sentinelsecurity.ch\/index.php?rest_route=\/wp\/v2\/pages\/82\/revisions\/179"}],"up":[{"embeddable":true,"href":"https:\/\/sentinelsecurity.ch\/index.php?rest_route=\/wp\/v2\/pages\/76"}],"wp:attachment":[{"href":"https:\/\/sentinelsecurity.ch\/index.php?rest_route=%2Fwp%2Fv2%2Fmedia&parent=82"}],"curies":[{"name":"wp","href":"https:\/\/api.w.org\/{rel}","templated":true}]}}