{"id":80,"date":"2025-10-22T19:33:20","date_gmt":"2025-10-22T19:33:20","guid":{"rendered":"https:\/\/sentinelsecurity.ch\/?page_id=80"},"modified":"2025-10-28T13:46:36","modified_gmt":"2025-10-28T13:46:36","slug":"bewachung","status":"publish","type":"page","link":"https:\/\/sentinelsecurity.ch\/?page_id=80","title":{"rendered":"Bewachung"},"content":{"rendered":"\t\t<div data-elementor-type=\"wp-page\" data-elementor-id=\"80\" class=\"elementor elementor-80\">\n\t\t\t\t<div class=\"elementor-element elementor-element-6a08926 e-flex e-con-boxed e-con e-parent\" data-id=\"6a08926\" data-element_type=\"container\" data-e-type=\"container\">\n\t\t\t\t\t<div class=\"e-con-inner\">\n\t\t\t\t<div class=\"elementor-element elementor-element-6c1b397 elementor-widget elementor-widget-spacer\" data-id=\"6c1b397\" data-element_type=\"widget\" data-e-type=\"widget\" data-widget_type=\"spacer.default\">\n\t\t\t\t\t\t\t<div class=\"elementor-spacer\">\n\t\t\t<div class=\"elementor-spacer-inner\"><\/div>\n\t\t<\/div>\n\t\t\t\t\t\t<\/div>\n\t\t\t\t\t<\/div>\n\t\t\t\t<\/div>\n\t\t<div class=\"elementor-element elementor-element-9ec5b78 e-flex e-con-boxed e-con e-parent\" data-id=\"9ec5b78\" data-element_type=\"container\" data-e-type=\"container\">\n\t\t\t\t\t<div class=\"e-con-inner\">\n\t\t\t\t<div class=\"elementor-element elementor-element-8f38036 elementor-widget elementor-widget-heading\" data-id=\"8f38036\" data-element_type=\"widget\" data-e-type=\"widget\" data-widget_type=\"heading.default\">\n\t\t\t\t\t<h2 class=\"elementor-heading-title elementor-size-default\">Bewachung<\/h2>\t\t\t\t<\/div>\n\t\t\t\t<div class=\"elementor-element elementor-element-aca8b19 elementor-widget elementor-widget-spacer\" data-id=\"aca8b19\" data-element_type=\"widget\" data-e-type=\"widget\" data-widget_type=\"spacer.default\">\n\t\t\t\t\t\t\t<div class=\"elementor-spacer\">\n\t\t\t<div class=\"elementor-spacer-inner\"><\/div>\n\t\t<\/div>\n\t\t\t\t\t\t<\/div>\n\t\t\t\t<div class=\"elementor-element elementor-element-8b587d8 elementor-widget elementor-widget-heading\" data-id=\"8b587d8\" data-element_type=\"widget\" data-e-type=\"widget\" data-widget_type=\"heading.default\">\n\t\t\t\t\t<h2 class=\"elementor-heading-title elementor-size-default\">Das Team von Sentinel Security sorgt Tag und Nacht f\u00fcr Sicherheit<\/h2>\t\t\t\t<\/div>\n\t\t\t\t<div class=\"elementor-element elementor-element-943328b elementor-widget elementor-widget-spacer\" data-id=\"943328b\" data-element_type=\"widget\" data-e-type=\"widget\" data-widget_type=\"spacer.default\">\n\t\t\t\t\t\t\t<div class=\"elementor-spacer\">\n\t\t\t<div class=\"elementor-spacer-inner\"><\/div>\n\t\t<\/div>\n\t\t\t\t\t\t<\/div>\n\t\t\t\t<div class=\"elementor-element elementor-element-87b6a46 elementor-widget elementor-widget-text-editor\" data-id=\"87b6a46\" data-element_type=\"widget\" data-e-type=\"widget\" data-widget_type=\"text-editor.default\">\n\t\t\t\t\t\t\t\t\t<p>Mit unserem Bewachungsdienst sorgen wir f\u00fcr Sicherheit in Ihren Geb\u00e4uden, auf Ihren Arealen, in Einrichtungen, Lebens- und Arbeitsbereichen sowie auf Baustellen.<\/p>\t\t\t\t\t\t\t\t<\/div>\n\t\t\t\t<div class=\"elementor-element elementor-element-2bcf2fa elementor-widget elementor-widget-spacer\" data-id=\"2bcf2fa\" data-element_type=\"widget\" data-e-type=\"widget\" data-widget_type=\"spacer.default\">\n\t\t\t\t\t\t\t<div class=\"elementor-spacer\">\n\t\t\t<div class=\"elementor-spacer-inner\"><\/div>\n\t\t<\/div>\n\t\t\t\t\t\t<\/div>\n\t\t\t\t<div class=\"elementor-element elementor-element-9e6e324 elementor-widget elementor-widget-text-editor\" data-id=\"9e6e324\" data-element_type=\"widget\" data-e-type=\"widget\" data-widget_type=\"text-editor.default\">\n\t\t\t\t\t\t\t\t\t<p>Physische und elektronische Kontrollen gew\u00e4hrleisten Schutz f\u00fcr Ihre Infrastrukturen, Werte und technischen Abl\u00e4ufe. M\u00f6chten Sie Risiken fr\u00fchzeitig verhindern, im Ereignisfall schnell reagieren und umfassende Rapporte erhalten?<br \/>Dann ist Sentinel Security mit ihrem professionellen Bewachungsdienst Ihr verl\u00e4sslicher Sicherheitspartner.<\/p>\t\t\t\t\t\t\t\t<\/div>\n\t\t\t\t\t<\/div>\n\t\t\t\t<\/div>\n\t\t<div class=\"elementor-element elementor-element-cc35a18 e-flex e-con-boxed e-con e-parent\" data-id=\"cc35a18\" data-element_type=\"container\" data-e-type=\"container\">\n\t\t\t\t\t<div class=\"e-con-inner\">\n\t\t\t\t<div class=\"elementor-element elementor-element-5a2954a elementor-widget elementor-widget-spacer\" data-id=\"5a2954a\" data-element_type=\"widget\" data-e-type=\"widget\" data-widget_type=\"spacer.default\">\n\t\t\t\t\t\t\t<div class=\"elementor-spacer\">\n\t\t\t<div class=\"elementor-spacer-inner\"><\/div>\n\t\t<\/div>\n\t\t\t\t\t\t<\/div>\n\t\t\t\t\t<\/div>\n\t\t\t\t<\/div>\n\t\t<div class=\"elementor-element elementor-element-bdaad6c e-flex e-con-boxed e-con e-parent\" data-id=\"bdaad6c\" data-element_type=\"container\" data-e-type=\"container\">\n\t\t\t\t\t<div class=\"e-con-inner\">\n\t\t<div class=\"elementor-element elementor-element-0bc2e9d e-con-full e-flex e-con e-child\" data-id=\"0bc2e9d\" data-element_type=\"container\" data-e-type=\"container\">\n\t\t\t\t<div class=\"elementor-element elementor-element-a5e8fc3 elementor-widget elementor-widget-heading\" data-id=\"a5e8fc3\" data-element_type=\"widget\" data-e-type=\"widget\" data-widget_type=\"heading.default\">\n\t\t\t\t\t<h2 class=\"elementor-heading-title elementor-size-default\">Warum ist eine Bewachung sinnvoll?<\/h2>\t\t\t\t<\/div>\n\t\t\t\t<div class=\"elementor-element elementor-element-bc446fe elementor-widget elementor-widget-text-editor\" data-id=\"bc446fe\" data-element_type=\"widget\" data-e-type=\"widget\" data-widget_type=\"text-editor.default\">\n\t\t\t\t\t\t\t\t\t<p data-start=\"38\" data-end=\"362\">Bewachungsdienste verhindern Einbr\u00fcche und Sch\u00e4den durch Feuer, Wasser, Diebstahl oder andere Risiken, bevor sie entstehen. Im Ereignisfall sorgt geschultes Sicherheitspersonal f\u00fcr eine sofortige und gezielte Intervention. So bleiben Sie jederzeit bestens \u00fcber alle Vorkommnisse rund um Ihre Geb\u00e4ude und Areale informiert.<\/p><p data-start=\"364\" data-end=\"670\" data-is-last-node=\"\" data-is-only-node=\"\">Unsere Bewachungsdienste sind Teil unserer langj\u00e4hrigen Erfahrung und decken ein breites Spektrum an Sicherheitsbed\u00fcrfnissen ab. Mit hochqualifizierten Mitarbeitenden und bew\u00e4hrtem Know-how bietet Sentinel Security individuelle und zuverl\u00e4ssige Sicherheitsl\u00f6sungen \u2013 f\u00fcr maximalen Schutz und Vertrauen.<\/p>\t\t\t\t\t\t\t\t<\/div>\n\t\t\t\t<\/div>\n\t\t<div class=\"elementor-element elementor-element-b32f18a e-con-full e-flex e-con e-child\" data-id=\"b32f18a\" data-element_type=\"container\" data-e-type=\"container\">\n\t\t\t\t<div class=\"elementor-element elementor-element-14c2e98 elementor-widget elementor-widget-heading\" data-id=\"14c2e98\" data-element_type=\"widget\" data-e-type=\"widget\" data-widget_type=\"heading.default\">\n\t\t\t\t\t<h2 class=\"elementor-heading-title elementor-size-default\">Ihre Bewachungsprofis<\/h2>\t\t\t\t<\/div>\n\t\t\t\t<div class=\"elementor-element elementor-element-f8ddc9d elementor-widget elementor-widget-text-editor\" data-id=\"f8ddc9d\" data-element_type=\"widget\" data-e-type=\"widget\" data-widget_type=\"text-editor.default\">\n\t\t\t\t\t\t\t\t\t<ul><li data-start=\"112\" data-end=\"196\"><p data-start=\"114\" data-end=\"196\">Mit unserer Bewachung decken wir Ihre Sicherheitsbed\u00fcrfnisse rund um die Uhr ab.<\/p><\/li><li data-start=\"197\" data-end=\"344\"><p data-start=\"199\" data-end=\"344\">Unser geschultes Bewachungspersonal verf\u00fcgt \u00fcber fundiertes Fachwissen und technisches Know-how, etwa bei Alarmanlagen und Sicherheitssystemen.<\/p><\/li><li data-start=\"345\" data-end=\"478\"><p data-start=\"347\" data-end=\"478\">Dank unserer 24\/7-Einsatzzentralen k\u00f6nnen sich unsere Mitarbeitenden jederzeit auf professionelle Einsatzunterst\u00fctzung verlassen.<\/p><\/li><li data-start=\"479\" data-end=\"631\"><p data-start=\"481\" data-end=\"631\">Ob Dauerpr\u00e4senz, regelm\u00e4\u00dfige Kontrollrunden oder flexible tempor\u00e4re Eins\u00e4tze \u2013 bei Sentinel Security finden Sie das passende Sicherheitsangebot.<\/p><\/li><li data-start=\"632\" data-end=\"742\"><p data-start=\"634\" data-end=\"742\">Durch unser transparentes und l\u00fcckenloses Rapport-System bleiben Sie jederzeit nachvollziehbar informiert.<\/p><\/li><li data-start=\"743\" data-end=\"855\"><p data-start=\"745\" data-end=\"855\">Unsere Hundef\u00fchrerinnen und Hundef\u00fchrer sorgen mit ihren ausgebildeten Diensthunden f\u00fcr zus\u00e4tzlichen Schutz.<\/p><\/li><li data-start=\"856\" data-end=\"994\"><p data-start=\"858\" data-end=\"994\">Wir bieten auch Ferienbewachung an: W\u00e4hrend Ihrer Abwesenheit k\u00fcmmern wir uns um Haustiere, gie\u00dfen Pflanzen und signalisieren Pr\u00e4senz.<\/p><\/li><li data-start=\"995\" data-end=\"1113\"><p data-start=\"997\" data-end=\"1113\">Alle unsere Dienstleistungen passen wir individuell an Ihre pers\u00f6nlichen Bed\u00fcrfnisse an \u2013 f\u00fcr maximale Sicherheit.<\/p><\/li><\/ul>\t\t\t\t\t\t\t\t<\/div>\n\t\t\t\t<\/div>\n\t\t\t\t\t<\/div>\n\t\t\t\t<\/div>\n\t\t<div class=\"elementor-element elementor-element-fb90708 e-flex e-con-boxed e-con e-parent\" data-id=\"fb90708\" data-element_type=\"container\" data-e-type=\"container\">\n\t\t\t\t\t<div class=\"e-con-inner\">\n\t\t\t\t<div class=\"elementor-element elementor-element-dd92fa7 elementor-widget elementor-widget-spacer\" data-id=\"dd92fa7\" data-element_type=\"widget\" data-e-type=\"widget\" data-widget_type=\"spacer.default\">\n\t\t\t\t\t\t\t<div class=\"elementor-spacer\">\n\t\t\t<div class=\"elementor-spacer-inner\"><\/div>\n\t\t<\/div>\n\t\t\t\t\t\t<\/div>\n\t\t\t\t\t<\/div>\n\t\t\t\t<\/div>\n\t\t\t\t<\/div>\n\t\t","protected":false},"excerpt":{"rendered":"<p>Bewachung Das Team von Sentinel Security sorgt Tag und Nacht f\u00fcr Sicherheit Mit unserem Bewachungsdienst sorgen wir f\u00fcr Sicherheit in Ihren Geb\u00e4uden, auf Ihren Arealen, in Einrichtungen, Lebens- und Arbeitsbereichen sowie auf Baustellen. Physische und elektronische Kontrollen gew\u00e4hrleisten Schutz f\u00fcr Ihre Infrastrukturen, Werte und technischen Abl\u00e4ufe. M\u00f6chten Sie Risiken fr\u00fchzeitig verhindern, im Ereignisfall schnell reagieren [&hellip;]<\/p>\n","protected":false},"author":1,"featured_media":0,"parent":76,"menu_order":0,"comment_status":"closed","ping_status":"closed","template":"elementor_canvas","meta":{"footnotes":""},"class_list":["post-80","page","type-page","status-publish","hentry"],"_links":{"self":[{"href":"https:\/\/sentinelsecurity.ch\/index.php?rest_route=\/wp\/v2\/pages\/80","targetHints":{"allow":["GET"]}}],"collection":[{"href":"https:\/\/sentinelsecurity.ch\/index.php?rest_route=\/wp\/v2\/pages"}],"about":[{"href":"https:\/\/sentinelsecurity.ch\/index.php?rest_route=\/wp\/v2\/types\/page"}],"author":[{"embeddable":true,"href":"https:\/\/sentinelsecurity.ch\/index.php?rest_route=\/wp\/v2\/users\/1"}],"replies":[{"embeddable":true,"href":"https:\/\/sentinelsecurity.ch\/index.php?rest_route=%2Fwp%2Fv2%2Fcomments&post=80"}],"version-history":[{"count":10,"href":"https:\/\/sentinelsecurity.ch\/index.php?rest_route=\/wp\/v2\/pages\/80\/revisions"}],"predecessor-version":[{"id":176,"href":"https:\/\/sentinelsecurity.ch\/index.php?rest_route=\/wp\/v2\/pages\/80\/revisions\/176"}],"up":[{"embeddable":true,"href":"https:\/\/sentinelsecurity.ch\/index.php?rest_route=\/wp\/v2\/pages\/76"}],"wp:attachment":[{"href":"https:\/\/sentinelsecurity.ch\/index.php?rest_route=%2Fwp%2Fv2%2Fmedia&parent=80"}],"curies":[{"name":"wp","href":"https:\/\/api.w.org\/{rel}","templated":true}]}}