{"id":151,"date":"2025-10-24T08:30:53","date_gmt":"2025-10-24T08:30:53","guid":{"rendered":"https:\/\/sentinelsecurity.ch\/?page_id=151"},"modified":"2025-10-28T13:47:41","modified_gmt":"2025-10-28T13:47:41","slug":"sanitaetsdienst","status":"publish","type":"page","link":"https:\/\/sentinelsecurity.ch\/?page_id=151","title":{"rendered":"Sanit\u00e4tsdienst"},"content":{"rendered":"\t\t<div data-elementor-type=\"wp-page\" data-elementor-id=\"151\" class=\"elementor elementor-151\">\n\t\t\t\t<div class=\"elementor-element elementor-element-229d2d6 e-flex e-con-boxed e-con e-parent\" data-id=\"229d2d6\" data-element_type=\"container\" data-e-type=\"container\">\n\t\t\t\t\t<div class=\"e-con-inner\">\n\t\t\t\t<div class=\"elementor-element elementor-element-feabf95 elementor-widget elementor-widget-spacer\" data-id=\"feabf95\" data-element_type=\"widget\" data-e-type=\"widget\" data-widget_type=\"spacer.default\">\n\t\t\t\t\t\t\t<div class=\"elementor-spacer\">\n\t\t\t<div class=\"elementor-spacer-inner\"><\/div>\n\t\t<\/div>\n\t\t\t\t\t\t<\/div>\n\t\t\t\t\t<\/div>\n\t\t\t\t<\/div>\n\t\t<div class=\"elementor-element elementor-element-5d88c85 e-flex e-con-boxed e-con e-parent\" data-id=\"5d88c85\" data-element_type=\"container\" data-e-type=\"container\">\n\t\t\t\t\t<div class=\"e-con-inner\">\n\t\t\t\t<div class=\"elementor-element elementor-element-091ecab elementor-widget elementor-widget-heading\" data-id=\"091ecab\" data-element_type=\"widget\" data-e-type=\"widget\" data-widget_type=\"heading.default\">\n\t\t\t\t\t<h2 class=\"elementor-heading-title elementor-size-default\">Sanit\u00e4tsdienst<\/h2>\t\t\t\t<\/div>\n\t\t\t\t\t<\/div>\n\t\t\t\t<\/div>\n\t\t<div class=\"elementor-element elementor-element-c43cad9 e-flex e-con-boxed e-con e-parent\" data-id=\"c43cad9\" data-element_type=\"container\" data-e-type=\"container\">\n\t\t\t\t\t<div class=\"e-con-inner\">\n\t\t\t\t<div class=\"elementor-element elementor-element-cc6c358 elementor-widget elementor-widget-spacer\" data-id=\"cc6c358\" data-element_type=\"widget\" data-e-type=\"widget\" data-widget_type=\"spacer.default\">\n\t\t\t\t\t\t\t<div class=\"elementor-spacer\">\n\t\t\t<div class=\"elementor-spacer-inner\"><\/div>\n\t\t<\/div>\n\t\t\t\t\t\t<\/div>\n\t\t\t\t\t<\/div>\n\t\t\t\t<\/div>\n\t\t<div class=\"elementor-element elementor-element-5427ba2 e-flex e-con-boxed e-con e-parent\" data-id=\"5427ba2\" data-element_type=\"container\" data-e-type=\"container\">\n\t\t\t\t\t<div class=\"e-con-inner\">\n\t\t\t\t<div class=\"elementor-element elementor-element-64d596d elementor-widget elementor-widget-heading\" data-id=\"64d596d\" data-element_type=\"widget\" data-e-type=\"widget\" data-widget_type=\"heading.default\">\n\t\t\t\t\t<h2 class=\"elementor-heading-title elementor-size-default\">Sicherheit f\u00fcr alle Anl\u00e4sse<\/h2>\t\t\t\t<\/div>\n\t\t\t\t\t<\/div>\n\t\t\t\t<\/div>\n\t\t<div class=\"elementor-element elementor-element-a67a8f0 e-flex e-con-boxed e-con e-parent\" data-id=\"a67a8f0\" data-element_type=\"container\" data-e-type=\"container\">\n\t\t\t\t\t<div class=\"e-con-inner\">\n\t\t\t\t<div class=\"elementor-element elementor-element-ddee0a5 elementor-widget elementor-widget-spacer\" data-id=\"ddee0a5\" data-element_type=\"widget\" data-e-type=\"widget\" data-widget_type=\"spacer.default\">\n\t\t\t\t\t\t\t<div class=\"elementor-spacer\">\n\t\t\t<div class=\"elementor-spacer-inner\"><\/div>\n\t\t<\/div>\n\t\t\t\t\t\t<\/div>\n\t\t\t\t\t<\/div>\n\t\t\t\t<\/div>\n\t\t<div class=\"elementor-element elementor-element-831c98b e-flex e-con-boxed e-con e-parent\" data-id=\"831c98b\" data-element_type=\"container\" data-e-type=\"container\">\n\t\t\t\t\t<div class=\"e-con-inner\">\n\t\t\t\t<div class=\"elementor-element elementor-element-16cf9e9 elementor-widget elementor-widget-text-editor\" data-id=\"16cf9e9\" data-element_type=\"widget\" data-e-type=\"widget\" data-widget_type=\"text-editor.default\">\n\t\t\t\t\t\t\t\t\t<p data-start=\"0\" data-end=\"325\">Ob Sportveranstaltung, Konzert oder Dorffest \u2013 wo viele Menschen zusammenkommen, sorgen die Samariterinnen und Samariter mit ihrem Sanit\u00e4tsdienst f\u00fcr schnelle und kompetente Hilfe. Dank ihrer fundierten Ausbildung in Erster Hilfe sind sie in Notf\u00e4llen sofort einsatzbereit und k\u00fcmmern sich bestm\u00f6glich um die Teilnehmenden.<\/p><p data-start=\"327\" data-end=\"750\" data-is-last-node=\"\" data-is-only-node=\"\">Sie gew\u00e4hrleisten die professionelle Erstversorgung \u2013 sowohl bei kleineren Verletzungen als auch bei lebensbedrohlichen Notf\u00e4llen. Durch gezielte Ausbildungen und regelm\u00e4\u00dfige \u00dcbungen k\u00f6nnen die Samariterinnen und Samariter im Ernstfall schnell und professionell handeln. Mit ihrer langj\u00e4hrigen Erfahrung sichern die Samaritervereine einen reibungslosen Ablauf des Sanit\u00e4tsdienstes \u2013 von der Planung bis zum Einsatz vor Ort.<\/p>\t\t\t\t\t\t\t\t<\/div>\n\t\t\t\t\t<\/div>\n\t\t\t\t<\/div>\n\t\t<div class=\"elementor-element elementor-element-c617f39 e-flex e-con-boxed e-con e-parent\" data-id=\"c617f39\" data-element_type=\"container\" data-e-type=\"container\">\n\t\t\t\t\t<div class=\"e-con-inner\">\n\t\t\t\t<div class=\"elementor-element elementor-element-d794458 elementor-widget elementor-widget-spacer\" data-id=\"d794458\" data-element_type=\"widget\" data-e-type=\"widget\" data-widget_type=\"spacer.default\">\n\t\t\t\t\t\t\t<div class=\"elementor-spacer\">\n\t\t\t<div class=\"elementor-spacer-inner\"><\/div>\n\t\t<\/div>\n\t\t\t\t\t\t<\/div>\n\t\t\t\t\t<\/div>\n\t\t\t\t<\/div>\n\t\t\t\t<\/div>\n\t\t","protected":false},"excerpt":{"rendered":"<p>Sanit\u00e4tsdienst Sicherheit f\u00fcr alle Anl\u00e4sse Ob Sportveranstaltung, Konzert oder Dorffest \u2013 wo viele Menschen zusammenkommen, sorgen die Samariterinnen und Samariter mit ihrem Sanit\u00e4tsdienst f\u00fcr schnelle und kompetente Hilfe. Dank ihrer fundierten Ausbildung in Erster Hilfe sind sie in Notf\u00e4llen sofort einsatzbereit und k\u00fcmmern sich bestm\u00f6glich um die Teilnehmenden. Sie gew\u00e4hrleisten die professionelle Erstversorgung \u2013 sowohl [&hellip;]<\/p>\n","protected":false},"author":1,"featured_media":0,"parent":76,"menu_order":0,"comment_status":"closed","ping_status":"closed","template":"elementor_canvas","meta":{"footnotes":""},"class_list":["post-151","page","type-page","status-publish","hentry"],"_links":{"self":[{"href":"https:\/\/sentinelsecurity.ch\/index.php?rest_route=\/wp\/v2\/pages\/151","targetHints":{"allow":["GET"]}}],"collection":[{"href":"https:\/\/sentinelsecurity.ch\/index.php?rest_route=\/wp\/v2\/pages"}],"about":[{"href":"https:\/\/sentinelsecurity.ch\/index.php?rest_route=\/wp\/v2\/types\/page"}],"author":[{"embeddable":true,"href":"https:\/\/sentinelsecurity.ch\/index.php?rest_route=\/wp\/v2\/users\/1"}],"replies":[{"embeddable":true,"href":"https:\/\/sentinelsecurity.ch\/index.php?rest_route=%2Fwp%2Fv2%2Fcomments&post=151"}],"version-history":[{"count":7,"href":"https:\/\/sentinelsecurity.ch\/index.php?rest_route=\/wp\/v2\/pages\/151\/revisions"}],"predecessor-version":[{"id":191,"href":"https:\/\/sentinelsecurity.ch\/index.php?rest_route=\/wp\/v2\/pages\/151\/revisions\/191"}],"up":[{"embeddable":true,"href":"https:\/\/sentinelsecurity.ch\/index.php?rest_route=\/wp\/v2\/pages\/76"}],"wp:attachment":[{"href":"https:\/\/sentinelsecurity.ch\/index.php?rest_route=%2Fwp%2Fv2%2Fmedia&parent=151"}],"curies":[{"name":"wp","href":"https:\/\/api.w.org\/{rel}","templated":true}]}}